= q**2 - 218*q - 2319. Determine n(228).
-39
Let n(p) = p**2 - 58*p - 1768. Determine n(-22).
-8
Let k(v) = v**3 - 5*v**2 - 60*v + 249. What is k(4)?
-7
Let r(j) = -548*j + 16453. Calculate r(30).
13
Let h(o) = 123*o - 1806. What is h(13)?
-207
Let r(l) = -l**2 - 17*l - 76. Give r(-16).
-60
Let y(l) = l**3 + 11*l**2 - 35*l - 26. Calculate y(-14).
-124
Let f(i) = -55*i - 244. What is f(-5)?
31
Let t(q) = -q**3 - 10*q**2 - 36*q - 51. Calculate t(-4).
-3
Let o(h) = h - 65. Determine o(62).
-3
Let x(m) = m**3 + 12*m**2 - 13*m + 39. Determine x(-12).
195
Let k(u) = -4*u**3 + 20*u + 46. Calculate k(-4).
222
Let f(w) = -8*w**2 - 25*w + 24. Determine f(1).
-9
Let j(f) = -270*f - 353. Determine j(0).
-353
Let l(x) = 50388*x + 151168. Determine l(-3).
4
Let r(p) = 2*p**2 - 71*p - 122. Give r(35).
-157
Let c(u) = -107*u**2 + 448*u - 80. Calculate c(4).
0
Let o(j) = -46*j - 32. Calculate o(1).
-78
Let g(h) = -3*h + 33. Calculate g(-15).
78
Let v(s) = -2*s**2 - 2*s + 166. Calculate v(-10).
-14
Let a(x) = 511*x - 1633. Calculate a(3).
-100
Let y(s) = 2*s**2 + 36*s + 149. Calculate y(-22).
325
Let z(t) = t**2 - 24*t - 182. Determine z(30).
-2
Let c(m) = -m**3 + 39*m**2 + 145*m - 234. Give c(42).
564
Let x(h) = 38*h**2 + 386*h + 386. Determine x(-1).
38
Let l(u) = -u**3 + 6*u**2 + 140*u - 32. What is l(17)?
-831
Let g(f) = -f**2 - 233*f + 5. What is g(0)?
5
Let d(v) = 6*v**2 - 110*v + 337. Calculate d(3).
61
Let h(p) = 106*p + 755. What is h(-6)?
119
Let q(p) = 55*p - 142. Give q(3).
23
Let m(f) = -f**3 - 32*f**2 + 25*f - 248. Calculate m(-33).
16
Let u(b) = 72*b**2 + 6839*b - 102. What is u(-95)?
-7
Let f(h) = -87*h**2 - 3663*h - 374. Give f(-42).
4
Let j(u) = 31*u - 3038. Give j(99).
31
Let c(y) = 18*y + 326. Determine c(-18).
2
Let p(b) = -8*b**2 - 22*b - 57. Give p(-5).
-147
Let m(j) = j**3 - 21*j**2 - 132*j + 3046. Calculate m(20).
6
Let k(x) = 3*x**3 + 269*x**2 - 351*x + 1177. Determine k(-91).
-6
Let t(p) = -16*p**3 - 64*p**2 - 2*p - 11. What is t(-4)?
-3
Let l(v) = -v**2 - 211*v - 7221. What is l(-42)?
-123
Let m(j) = 168*j**2 + 1183*j. Determine m(-7).
-49
Let h(b) = -148*b**2 + 10360*b - 10. What is h(70)?
-10
Let s(h) = -187*h + 15900. What is s(85)?
5
Let r(d) = -40*d + 144. Calculate r(4).
-16
Let l(d) = -d**3 + 18*d**2 - 3*d + 82. What is l(18)?
28
Let n(r) = 300*r + 579. What is n(-2)?
-21
Let r(b) = 2*b**3 + 184*b**2 - 194*b - 744. Calculate r(-93).
0
Let q(d) = d**3 - 10*d**2 - 26*d - 14. Determine q(12).
-38
Let v(l) = 9*l**2 + 431*l + 375. Give v(-47).
-1
Let p(g) = -220*g - 38933. What is p(-177)?
7
Let x(d) = -3*d**3 - 8*d**2 - 17*d - 8. What is x(-3)?
52
Let u(n) = n**3 + 24*n**2 + 43*n + 309. Calculate u(-22).
331
Let d(b) = b**3 + 47*b - 102. Calculate d(2).
0
Let t(g) = 386*g - 688. Calculate t(2).
84
Let h(f) = 222*f + 2219. Calculate h(-10).
-1
Let h(n) = 8*n + 469. Determine h(-28).
245
Let z(o) = o**2 + 20*o - 1065. Calculate z(-36).
-489
Let c(n) = n**3 + 10*n**2 - 12*n - 23. Give c(-2).
33
Let g(o) = o**2 + 10*o - 734. Calculate g(24).
82
Let x(w) = 5711*w - 74235. Calculate x(13).
8
Let v(b) = -20*b - 41. Give v(7).
-181
Let j(i) = i**2 - 157*i - 10349. Determine j(-50).
1
Let z(y) = -y**3 - 14*y**2 + 311*y - 29. Determine z(-26).
-3
Let w(l) = 3*l**3 - 62*l**2 - 24*l + 36. What is w(21)?
-27
Let y(x) = 8*x**3 + 103*x**2 - 4*x + 131. Calculate y(-13).
14
Let w(g) = 179*g - 1607. Calculate w(9).
4
Let b(y) = 24*y + 207. Calculate b(-6).
63
Let z(v) = -v**3 - 24*v**2 + 8*v + 225. Determine z(-24).
33
Let i(k) = k**2 + 1108*k + 20667. What is i(-19)?
-24
Let n(o) = 14*o**3 + 953*o**2 + 69*o + 64. Give n(-68).
-4
Let o(g) = 40*g**3 - g. Give o(1).
39
Let i(u) = u**3 + 8*u**2 + 31*u + 91. What is i(-7)?
-77
Let b(j) = j**2 + 94*j + 191. Calculate b(-2).
7
Let q(j) = -83*j + 3220. What is q(39)?
-17
Let s(u) = -134*u + 918. Give s(7).
-20
Let a(f) = -2*f**3 + 15*f**2 + 33*f - 212. Give a(8).
-12
Let u(o) = 65*o - 7. What is u(-2)?
-137
Let b(f) = -2*f**3 + 36*f**2 + 36*f + 17. What is b(19)?
-21
Let f(p) = -6*p**2 - 191*p - 1518. Calculate f(-17).
-5
Let p(k) = 2*k**2 + 47*k + 245. Determine p(-8).
-3
Let u(s) = s**3 - s**2 + 15*s + 68. Give u(-5).
-157
Let h(a) = -a**2 + 1326*a + 13351. What is h(-10)?
-9
Let w(q) = 5*q**2 - 23*q + 9. Give w(-4).
181
Let g(p) = -p**2 + 193*p - 968. What is g(5)?
-28
Let p(r) = -2*r**3 - 69*r**2 - 105*r + 5. What is p(-33)?
203
Let z(t) = 4962*t - 24812. Calculate z(5).
-2
Let k(v) = 52*v**3 - v**2 + 10*v + 14. Determine k(-2).
-426
Let x(r) = -48*r - 1351. Calculate x(-26).
-103
Let q(t) = 15*t - 164. Calculate q(9).
-29
Let v(h) = 35*h**2 - 2964*h - 941. What is v(85)?
-6
Let r(v) = -v**3 + 31*v**2 - 180*v + 1988. Calculate r(27).
44
Let n(s) = -2*s**2 + 12*s - 35. Determine n(5).
-25
Let c(h) = 9*h**2 + 75*h + 38. Calculate c(-8).
14
Let x(c) = 110*c - 2632. Calculate x(24).
8
Let w(s) = -627*s + 3134. Calculate w(5).
-1
Let n(s) = -8*s**2 + 328*s + 44. Give n(43).
-644
Let x(p) = 304*p**3 - 2*p + 2. Determine x(1).
304
Let y(m) = m**2 + 15*m - 2797. Give y(46).
9
Let s(z) = -12*z. Give s(-6).
72
Let g(u) = -174*u**3 - 2*u**2 - 4*u - 4. Give g(-1).
172
Let b(a) = -a**3 - 8*a**2 + 55*a + 323. Calculate b(-5).
-27
Let u(w) = -4*w**3 - 87*w**2 - 65*w - 54. Give u(-21).
-12
Let d(y) = y**3 - 5*y**2 - 540*y + 3654. Give d(22).
2
Let b(m) = -52*m + 1445. What is b(30)?
-115
Let h(b) = 7*b + 58. Calculate h(-5).
23
Let v(l) = l**3 + 25*l**2 + 55*l + 739. What is v(-24)?
-5
Let l(w) = 21*w**2 + 35*w + 57. Determine l(-3).
141
Let o(d) = d**2 + 3*d - 14. What is o(13)?
194
Let s(c) = c**3 - 18*c**2 + 32*c - 91. Calculate s(18).
485
Let p(t) = 13*t**3 - 13*t + 11. Give p(1).
11
Let c(f) = -3*f**2 - 28*f - 107. Determine c(-6).
-47
Let a(n) = n**3 + 14*n**2 + 30*n - 117. What is a(-10)?
-17
Let u(y) = -31*y - 267. Give u(-8).
-19
Let n(k) = -287*k + 2884. Give n(10).
14
Let b(t) = -3*t**2 - 143*t - 357. Determine b(-45).
3
Let a(j) = -9*j - 118. Give a(-17).
35
Let w(m) = -4*m**3 - 2*m**2 - 259*m + 522. Give w(2).
-36
Let d(g) = 71*g + 1243. What is d(-7)?
746
Let g(k) = -k**2 + 16*k + 11. What is g(-2)?
-25
Let a(u) = -3*u**2 - 127*u - 709. Give a(-6).
-55
Let k(t) = t**2 - 63*t + 888. Determine k(34).
-98
Let l(n) = -n**2 + 2564*n - 68505. Give l(27).
-6
Let w(f) = -47*f - 21. What is w(6)?
-303
Let h(z) = -958*z + 5720. Determine h(6).
-28
Let l(h) = -h**2 - 100*h - 1536. What is l(-83)?
-125
Let b(u) = -u**3 - 16*u**2 - 74*u - 86. Give b(-7).
-9
Let n(b) = b**2 - 11*b - 142. Calculate n(12).
-130
Let q(l) = l**2 - 3*l - 250. Calculate q(-14).
-12
Let g(m) = -4*m**2 + 17*m + 100. Give g(-12).
-680
Let o(w) = 436*w - 33135. Give o(76).
1
Let p(l) = l**2 - 12*l + 8. What is p(-4)?
72
Let g(q) = -262*q + 6824. What is g(26)?
12
Let j(p) = -2*p**3 + 69*p**2 + 308*p - 6. Give j(-4).
-6
Let c(t) = -41*t - 1370. Calculate c(-35).
65
Let x(l) = -15*l - 184. Give x(-20).
116
Let c(t) = t**3 + 7*t**2 + 12*t - 1. Calculate c(0).
-1
Let l(g) = 5*g**2 + g + 39. Give l(-7).
277
Let j(n) = 3447*n**2 - 17235*n + 5. What is j(5)?
5
Let v(m) = m**3 - 33*m**2 - 3*m + 60. What is v(33)?
-39
Let o(h) = -43*h - 229. What is o(-8)?
115
Let h(f) = f**2 - 9. Give h(15).
216
Let q(h) = -h**3 + 7*h**2 - 34*h + 83. What is q(3)?
17
Let h(k) = -k**3 - 12*k**2 - 18*k - 676. Determine h(-14).
-32
Let m(v) = 23881*v + 668672. Determine m(-28).
4
Let k(a) = a**2 - 11*a + 76. Determine k(17).
178
Let g(x) = -x**2 + 29*x - 231. Calculate g(15).
-21
Let s(r) = -17*r + 104. What is s(-8)?
240
Let v(u) = 47*u**3 - 118*u - 117. Determine v(-1).
-46
Let t(f) = f**3 + 41*f**2 - 29*f + 605. Give t(-42).
59
Let d(p) = p**2 + 14*p - 17. Calculate d(2).
15
Let t(i) = 666*i - 2652. Give t(4).
12
Let s(r) = -29*r - 9. What is s(2)?
-67
Let d(w) = 193*w + 376. Calculate d(-4).
-396
Let q(n) = n**3 - 101*n**2 + 284*n + 982. Give q(98).
2
Let m(t) = 16*t - 82. Determine m(4).
-18
Let j(u) = -2*u**3 + 124*u**2 - 240*u + 40. Determine j(60).
40
Let r(u) = -933*u - 138073. Give r(-148).
11
Let k(p) = -p**2 - 24*p - 146. Calculate k(-11).
-3
Let b(x) = -163*x - 140. What is b(-2)?
186
Let h(k) = -142*k + 30. Calculate h(-5).
740
Let t(i) = 481*i - 13950. Give t(29).
-1
Let s(z) = -87*z - 692. What is s(-8)?
4
Let n(p) = 5*p**3 + 42*p**2 - 24*p + 32. Wha